{"id":2,"date":"2023-01-11T22:54:01","date_gmt":"2023-01-11T21:54:01","guid":{"rendered":"http:\/\/drequeen.pl\/?page_id=2"},"modified":"2023-03-10T20:48:08","modified_gmt":"2023-03-10T19:48:08","slug":"home","status":"publish","type":"page","link":"https:\/\/drequeen.pl\/","title":{"rendered":"HOME"},"content":{"rendered":"\n<div class=\"wp-block-media-text alignfull is-stacked-on-mobile is-vertically-aligned-center has-small-font-size\" style=\"grid-template-columns:47% auto\"><figure class=\"wp-block-media-text__media\"><img loading=\"lazy\" decoding=\"async\" width=\"1080\" height=\"1080\" src=\"http:\/\/drequeen.pl\/wp-content\/uploads\/2023\/01\/dre.png\" alt=\"\" class=\"wp-image-95 size-full\" srcset=\"https:\/\/drequeen.pl\/wp-content\/uploads\/2023\/01\/dre.png 1080w, https:\/\/drequeen.pl\/wp-content\/uploads\/2023\/01\/dre-300x300.png 300w, https:\/\/drequeen.pl\/wp-content\/uploads\/2023\/01\/dre-1024x1024.png 1024w, https:\/\/drequeen.pl\/wp-content\/uploads\/2023\/01\/dre-150x150.png 150w, https:\/\/drequeen.pl\/wp-content\/uploads\/2023\/01\/dre-768x768.png 768w, https:\/\/drequeen.pl\/wp-content\/uploads\/2023\/01\/dre-75x75.png 75w\" sizes=\"auto, (max-width: 1080px) 100vw, 1080px\" \/><\/figure><div class=\"wp-block-media-text__content\"><div class=\"wp-block-image\">\n<figure class=\"aligncenter size-large is-resized\"><img loading=\"lazy\" decoding=\"async\" src=\"http:\/\/drequeen.pl\/wp-content\/uploads\/2023\/01\/cropped-Sygnet-CMYK-A-1024x1024.jpg\" alt=\"\" class=\"wp-image-18\" width=\"81\" height=\"81\" srcset=\"https:\/\/drequeen.pl\/wp-content\/uploads\/2023\/01\/cropped-Sygnet-CMYK-A-1024x1024.jpg 1024w, https:\/\/drequeen.pl\/wp-content\/uploads\/2023\/01\/cropped-Sygnet-CMYK-A-300x300.jpg 300w, https:\/\/drequeen.pl\/wp-content\/uploads\/2023\/01\/cropped-Sygnet-CMYK-A-150x150.jpg 150w, https:\/\/drequeen.pl\/wp-content\/uploads\/2023\/01\/cropped-Sygnet-CMYK-A-768x768.jpg 768w, https:\/\/drequeen.pl\/wp-content\/uploads\/2023\/01\/cropped-Sygnet-CMYK-A-1140x1140.jpg 1140w, https:\/\/drequeen.pl\/wp-content\/uploads\/2023\/01\/cropped-Sygnet-CMYK-A-75x75.jpg 75w, https:\/\/drequeen.pl\/wp-content\/uploads\/2023\/01\/cropped-Sygnet-CMYK-A.jpg 1241w\" sizes=\"auto, (max-width: 81px) 100vw, 81px\" \/><\/figure>\n<\/div>\n\n\n<h2 class=\"has-text-align-center has-black-color has-text-color wp-block-heading\" style=\"font-size:24px\"><strong>Cze\u015b\u0107!<\/strong><\/h2>\n\n\n\n<h6 class=\"has-text-align-center has-medium-font-size wp-block-heading\" style=\"font-style:normal;font-weight:300\">Tu DR EQUEEN (czytaj: doktor E-k\u0142in).<br>Chcia\u0142abym zaprosi\u0107 Ci\u0119 w wyj\u0105tkow\u0105 podr\u00f3\u017c<br>tropem bada\u0144 naukowych w \u015bwiecie koni.<br>Do\u0142\u0105czysz? \ud83d\ude42<\/h6>\n\n\n\n<figure class=\"wp-block-pullquote has-small-font-size\"><blockquote><p><em>\u201eWa\u017cne jest by nigdy nie przesta\u0107 pyta\u0107.<\/em><br><em>Ciekawo\u015b\u0107 nie istnieje bez przyczyny.<\/em><br><em>Wystarczy wi\u0119c, je\u015bli spr\u00f3bujemy zrozumie\u0107 cho\u0107 troch\u0119 tej tajemnicy ka\u017cdego dnia.<\/em><br><em>Nigdy nie tra\u0107 \u015bwi\u0119tej ciekawo\u015bci.<\/em><br><em>Kto nie potrafi pyta\u0107 nie potrafi \u017cy\u0107.\u201d<\/em><\/p><cite>\/<strong>Albert Einstein<\/strong>\/<\/cite><\/blockquote><\/figure>\n<\/div><\/div>\n","protected":false},"excerpt":{"rendered":"","protected":false},"author":1,"featured_media":0,"parent":0,"menu_order":0,"comment_status":"closed","ping_status":"closed","template":"elementor_theme","meta":{"footnotes":""},"class_list":["post-2","page","type-page","status-publish","hentry"],"_links":{"self":[{"href":"https:\/\/drequeen.pl\/index.php?rest_route=\/wp\/v2\/pages\/2","targetHints":{"allow":["GET"]}}],"collection":[{"href":"https:\/\/drequeen.pl\/index.php?rest_route=\/wp\/v2\/pages"}],"about":[{"href":"https:\/\/drequeen.pl\/index.php?rest_route=\/wp\/v2\/types\/page"}],"author":[{"embeddable":true,"href":"https:\/\/drequeen.pl\/index.php?rest_route=\/wp\/v2\/users\/1"}],"replies":[{"embeddable":true,"href":"https:\/\/drequeen.pl\/index.php?rest_route=%2Fwp%2Fv2%2Fcomments&post=2"}],"version-history":[{"count":40,"href":"https:\/\/drequeen.pl\/index.php?rest_route=\/wp\/v2\/pages\/2\/revisions"}],"predecessor-version":[{"id":195,"href":"https:\/\/drequeen.pl\/index.php?rest_route=\/wp\/v2\/pages\/2\/revisions\/195"}],"wp:attachment":[{"href":"https:\/\/drequeen.pl\/index.php?rest_route=%2Fwp%2Fv2%2Fmedia&parent=2"}],"curies":[{"name":"wp","href":"https:\/\/api.w.org\/{rel}","templated":true}]}}